{"id":315,"date":"2024-09-10T17:22:31","date_gmt":"2024-09-10T15:22:31","guid":{"rendered":"https:\/\/lesjardinsducoiron.fr\/?post_type=product&#038;p=315"},"modified":"2025-08-18T15:31:34","modified_gmt":"2025-08-18T13:31:34","slug":"dentifrice-menthe-poivree-verte","status":"publish","type":"product","link":"https:\/\/lesjardinsducoiron.fr\/?product=dentifrice-menthe-poivree-verte","title":{"rendered":"DENTIFRICE MENTHE POIVREE"},"content":{"rendered":"<p>Alliez plaisir d\u2019utilisation et efficacit\u00e9 avec notre\u00a0<strong>dentifrice en p\u00e2te au go\u00fbt de menthe poivr\u00e9e. Ce dentifrice <\/strong>permet d&#8217;\u00e9viter l&#8217;apparition des caries en emp\u00eachant les bact\u00e9ries de s&#8217;installer et de former ce qu&#8217;on appelle la plaque dentaire gr\u00e2ce notamment, aux principes actifs de la s\u00e8ve de bouleau .<\/p>\n<p>Ce dentifrice <strong>purifie la bouche<\/strong>\u00a0et nettoie les dents en profondeur tout en laissant une haleine fra\u00eeche.<\/p>\n<ul>\n<li><strong>100 % naturel &amp; bio<\/strong><\/li>\n<li><strong>Composition courte &amp; simple<\/strong><\/li>\n<li><strong>Produit sain pour votre peau &amp; l\u2019environnement<\/strong><\/li>\n<li><strong>Emballage recyclable &amp; compostable<\/strong><\/li>\n<li><strong>Fabrication artisanale en laboratoire<\/strong><\/li>\n<li><strong>Cultiv\u00e9 et transform\u00e9 en Ard\u00e8che<\/strong><\/li>\n<\/ul>\n","protected":false},"excerpt":{"rendered":"<p><strong>100 g<\/strong> pour une dur\u00e9e d&#8217;utilisation quotidienne de 5 mois.<\/p>\n<p>Une pate de dentifrice efficace et naturel <strong>sans fluor, ni bicarbonate de soude.<\/strong><\/p>\n<p><span class=\"s1\">Agr\u00e9able en bouche, il<\/span><span class=\"s1\">\u00a0n<span class=\"Apple-converted-space\"><span class=\"gmail-s1\">ettoie et assainit les dents tout en prenant soin des gencives.<\/span><\/span><\/span><\/p>\n","protected":false},"featured_media":744,"comment_status":"open","ping_status":"closed","template":"","meta":{"_monsterinsights_skip_tracking":false,"_monsterinsights_sitenote_active":false,"_monsterinsights_sitenote_note":"","_monsterinsights_sitenote_category":0},"product_cat":[22,24],"product_tag":[],"aioseo_notices":[],"_links":{"self":[{"href":"https:\/\/lesjardinsducoiron.fr\/index.php?rest_route=\/wp\/v2\/product\/315"}],"collection":[{"href":"https:\/\/lesjardinsducoiron.fr\/index.php?rest_route=\/wp\/v2\/product"}],"about":[{"href":"https:\/\/lesjardinsducoiron.fr\/index.php?rest_route=\/wp\/v2\/types\/product"}],"replies":[{"embeddable":true,"href":"https:\/\/lesjardinsducoiron.fr\/index.php?rest_route=%2Fwp%2Fv2%2Fcomments&post=315"}],"wp:featuredmedia":[{"embeddable":true,"href":"https:\/\/lesjardinsducoiron.fr\/index.php?rest_route=\/wp\/v2\/media\/744"}],"wp:attachment":[{"href":"https:\/\/lesjardinsducoiron.fr\/index.php?rest_route=%2Fwp%2Fv2%2Fmedia&parent=315"}],"wp:term":[{"taxonomy":"product_cat","embeddable":true,"href":"https:\/\/lesjardinsducoiron.fr\/index.php?rest_route=%2Fwp%2Fv2%2Fproduct_cat&post=315"},{"taxonomy":"product_tag","embeddable":true,"href":"https:\/\/lesjardinsducoiron.fr\/index.php?rest_route=%2Fwp%2Fv2%2Fproduct_tag&post=315"}],"curies":[{"name":"wp","href":"https:\/\/api.w.org\/{rel}","templated":true}]}}