{"id":317,"date":"2024-09-17T18:26:53","date_gmt":"2024-09-17T16:26:53","guid":{"rendered":"https:\/\/lesjardinsducoiron.fr\/?post_type=product&#038;p=317"},"modified":"2025-07-22T22:17:34","modified_gmt":"2025-07-22T20:17:34","slug":"creme-solaire-100-ml","status":"publish","type":"product","link":"https:\/\/lesjardinsducoiron.fr\/?product=creme-solaire-100-ml","title":{"rendered":"BAUME SOLAIRE"},"content":{"rendered":"<p>Pour notre baume solaire, nous avons opt\u00e9 pour le filtre min\u00e9ral d\u2019<strong>oxyde de zinc sans nanoparticules<\/strong>, offrant une protection \u00e0 large spectre contre les rayons UV et adapt\u00e9 aux peaux les plus sensibles.<\/p>\n<p>Nous utilisons l&#8217;huile de <strong>Karanja<\/strong> et un mac\u00e9rat de <strong>Calendula<\/strong>, elles poss\u00e8dent des propri\u00e9t\u00e9s connues pour absorber les UV.<\/p>\n<ul>\n<li><strong>100 % naturel &amp; bio<\/strong><\/li>\n<li><strong>Composition courte &amp; simple<\/strong><\/li>\n<li><strong>Produit sain pour votre peau et l\u2019environnement<\/strong><\/li>\n<li><strong>Emballage recyclable et compostable<\/strong><\/li>\n<li><strong>Fabrication artisanale en laboratoire<\/strong><\/li>\n<li><strong>Cultiv\u00e9 et transform\u00e9 en Ard\u00e8che<\/strong><\/li>\n<\/ul>\n<p>&nbsp;<\/p>\n","protected":false},"excerpt":{"rendered":"<p>Disponible en 50 g ou 100 g pour une dur\u00e9e d\u2019utilisation r\u00e9guli\u00e8re de 12 mois.<\/p>\n<p>D\u00e9couvrez notre baume solaire \u00e0 l\u2019huile de<strong> Karanja et Calendula<\/strong>, avec une <strong>haute protection SPF50<\/strong>, sans ingr\u00e9dient controvers\u00e9.<\/p>\n<p>Un seul filtre min\u00e9rale adapt\u00e9 aux peaux sensibles et \u00e0 l&#8217;environnement.<\/p>\n<p>&nbsp;<\/p>\n","protected":false},"featured_media":719,"comment_status":"open","ping_status":"closed","template":"","meta":{"_monsterinsights_skip_tracking":false,"_monsterinsights_sitenote_active":false,"_monsterinsights_sitenote_note":"","_monsterinsights_sitenote_category":0},"product_cat":[21,24],"product_tag":[],"aioseo_notices":[],"_links":{"self":[{"href":"https:\/\/lesjardinsducoiron.fr\/index.php?rest_route=\/wp\/v2\/product\/317"}],"collection":[{"href":"https:\/\/lesjardinsducoiron.fr\/index.php?rest_route=\/wp\/v2\/product"}],"about":[{"href":"https:\/\/lesjardinsducoiron.fr\/index.php?rest_route=\/wp\/v2\/types\/product"}],"replies":[{"embeddable":true,"href":"https:\/\/lesjardinsducoiron.fr\/index.php?rest_route=%2Fwp%2Fv2%2Fcomments&post=317"}],"wp:featuredmedia":[{"embeddable":true,"href":"https:\/\/lesjardinsducoiron.fr\/index.php?rest_route=\/wp\/v2\/media\/719"}],"wp:attachment":[{"href":"https:\/\/lesjardinsducoiron.fr\/index.php?rest_route=%2Fwp%2Fv2%2Fmedia&parent=317"}],"wp:term":[{"taxonomy":"product_cat","embeddable":true,"href":"https:\/\/lesjardinsducoiron.fr\/index.php?rest_route=%2Fwp%2Fv2%2Fproduct_cat&post=317"},{"taxonomy":"product_tag","embeddable":true,"href":"https:\/\/lesjardinsducoiron.fr\/index.php?rest_route=%2Fwp%2Fv2%2Fproduct_tag&post=317"}],"curies":[{"name":"wp","href":"https:\/\/api.w.org\/{rel}","templated":true}]}}