{"id":336,"date":"2024-09-17T19:42:17","date_gmt":"2024-09-17T17:42:17","guid":{"rendered":"https:\/\/lesjardinsducoiron.fr\/?post_type=product&#038;p=336"},"modified":"2025-07-22T22:30:50","modified_gmt":"2025-07-22T20:30:50","slug":"huile-apres-soleil-50-ml","status":"publish","type":"product","link":"https:\/\/lesjardinsducoiron.fr\/?product=huile-apres-soleil-50-ml","title":{"rendered":"HUILE APRES-SOLEIL"},"content":{"rendered":"<p><strong>50 ml<\/strong> pour une dur\u00e9e d&#8217;environ de<strong> 6 mois.<\/strong><\/p>\n<p>Notre recette d&#8217; apr\u00e8s-soleil \u00e0 base de <strong>Millepertuis, Carotte et Calendula<\/strong> apporte \u00e0 tous les types de peaux, les bienfaits apaisants.<\/p>\n<p>Cette huile, id\u00e9ale en soin apr\u00e8s une exposition au soleil, est \u00e9galement efficace sur les peaux fragilis\u00e9es, ainsi que les peaux matures. Formul\u00e9e avec les huiles essentielles de <strong>Lavande Vraie et G\u00e9ranium Rosat<\/strong> pour leurs vertus cicatrisantes et r\u00e9g\u00e9n\u00e9rantes.<\/p>\n<ul>\n<li><strong>100 % naturel &amp; bio<\/strong><\/li>\n<li><strong>Composition courte &amp; simple<\/strong><\/li>\n<li><strong>Produit sain pour votre peau &amp; l\u2019environnement<\/strong><\/li>\n<li><strong>Emballage recyclable &amp; compostable<\/strong><\/li>\n<li><strong>Cultiv\u00e9 &amp; transform\u00e9 en Ard\u00e8che<\/strong><\/li>\n<\/ul>\n","protected":false},"excerpt":{"rendered":"<p>Concentr\u00e9e en actifs pr\u00e9cieux, cette huile de beaut\u00e9 au <strong>Millepertuis<\/strong> est id\u00e9ale pour soulager les peaux fragilis\u00e9es.<\/p>\n<p>V\u00e9ritable soin, l\u2019extrait de <strong>Carotte et Calendula<\/strong> apporte \u00e9galement r\u00e9confort aux peaux s\u00e8ches apr\u00e8s une exposition au soleil.<\/p>\n<p><strong>Favorise le bronzage<\/strong> et permet \u00e0 la peau de garder un joli h\u00e2le uniforme apr\u00e8s une exposition au soleil.<\/p>\n","protected":false},"featured_media":722,"comment_status":"open","ping_status":"closed","template":"","meta":{"_monsterinsights_skip_tracking":false,"_monsterinsights_sitenote_active":false,"_monsterinsights_sitenote_note":"","_monsterinsights_sitenote_category":0},"product_cat":[21,24],"product_tag":[],"aioseo_notices":[],"_links":{"self":[{"href":"https:\/\/lesjardinsducoiron.fr\/index.php?rest_route=\/wp\/v2\/product\/336"}],"collection":[{"href":"https:\/\/lesjardinsducoiron.fr\/index.php?rest_route=\/wp\/v2\/product"}],"about":[{"href":"https:\/\/lesjardinsducoiron.fr\/index.php?rest_route=\/wp\/v2\/types\/product"}],"replies":[{"embeddable":true,"href":"https:\/\/lesjardinsducoiron.fr\/index.php?rest_route=%2Fwp%2Fv2%2Fcomments&post=336"}],"wp:featuredmedia":[{"embeddable":true,"href":"https:\/\/lesjardinsducoiron.fr\/index.php?rest_route=\/wp\/v2\/media\/722"}],"wp:attachment":[{"href":"https:\/\/lesjardinsducoiron.fr\/index.php?rest_route=%2Fwp%2Fv2%2Fmedia&parent=336"}],"wp:term":[{"taxonomy":"product_cat","embeddable":true,"href":"https:\/\/lesjardinsducoiron.fr\/index.php?rest_route=%2Fwp%2Fv2%2Fproduct_cat&post=336"},{"taxonomy":"product_tag","embeddable":true,"href":"https:\/\/lesjardinsducoiron.fr\/index.php?rest_route=%2Fwp%2Fv2%2Fproduct_tag&post=336"}],"curies":[{"name":"wp","href":"https:\/\/api.w.org\/{rel}","templated":true}]}}