{"id":570,"date":"2024-11-22T17:42:26","date_gmt":"2024-11-22T16:42:26","guid":{"rendered":"https:\/\/lesjardinsducoiron.fr\/?post_type=product&#038;p=570"},"modified":"2026-04-04T22:04:55","modified_gmt":"2026-04-04T20:04:55","slug":"baume-hydratant","status":"publish","type":"product","link":"https:\/\/lesjardinsducoiron.fr\/?product=baume-hydratant","title":{"rendered":"BAUME HYDRATANT"},"content":{"rendered":"<p>Notre<strong> baume Calendula<\/strong> est compos\u00e9 de fleurs de Souci de notre jardin mac\u00e9r\u00e9es dans de l&#8217;huile de tournesol bio et beurre de karit\u00e9.<\/p>\n<p>Reconnu pour ses vertus r\u00e9g\u00e9n\u00e9rantes, il prot\u00e8ge, nourrit et apaise les peaux s\u00e8ches, sensibles ou irrit\u00e9es.<\/p>\n<ul>\n<li><strong>100 % naturel &amp; bio<\/strong><\/li>\n<li><strong>Composition courte &amp; simple<\/strong><\/li>\n<li><strong>Produit sain pour votre peau &amp; l\u2019environnement<\/strong><\/li>\n<li><strong>Emballage recyclable &amp; compostable<\/strong><\/li>\n<li><b>Cultiv\u00e9 &amp; transform\u00e9 en Ard\u00e8che<\/b><\/li>\n<\/ul>\n","protected":false},"excerpt":{"rendered":"<p><strong>60 g<\/strong> pour une dur\u00e9e d\u2019utilisation quotidienne <strong>de 4 mois.<\/strong><\/p>\n<p>Notre baume aux fleurs de Calendula adoucit les peaux s\u00e8ches et r\u00e9actives, associ\u00e9 \u00e0 l&#8217;huile essentielle de Lavande Vraie, il apporte un pouvoir cicatrisant. Une version sans huile essentielle est disponible pour les femmes enceintes ou allaitantes.<\/p>\n<p>Peut s&#8217;appliquer sur tout le corps, l\u00e8vres, mains et pieds.<\/p>\n<p><strong>Parfum naturel &amp; bio :<\/strong> Lavande Vraie<\/p>\n","protected":false},"featured_media":713,"comment_status":"open","ping_status":"closed","template":"","meta":{"_monsterinsights_skip_tracking":false,"_monsterinsights_sitenote_active":false,"_monsterinsights_sitenote_note":"","_monsterinsights_sitenote_category":0},"product_cat":[21,24],"product_tag":[],"aioseo_notices":[],"_links":{"self":[{"href":"https:\/\/lesjardinsducoiron.fr\/index.php?rest_route=\/wp\/v2\/product\/570"}],"collection":[{"href":"https:\/\/lesjardinsducoiron.fr\/index.php?rest_route=\/wp\/v2\/product"}],"about":[{"href":"https:\/\/lesjardinsducoiron.fr\/index.php?rest_route=\/wp\/v2\/types\/product"}],"replies":[{"embeddable":true,"href":"https:\/\/lesjardinsducoiron.fr\/index.php?rest_route=%2Fwp%2Fv2%2Fcomments&post=570"}],"wp:featuredmedia":[{"embeddable":true,"href":"https:\/\/lesjardinsducoiron.fr\/index.php?rest_route=\/wp\/v2\/media\/713"}],"wp:attachment":[{"href":"https:\/\/lesjardinsducoiron.fr\/index.php?rest_route=%2Fwp%2Fv2%2Fmedia&parent=570"}],"wp:term":[{"taxonomy":"product_cat","embeddable":true,"href":"https:\/\/lesjardinsducoiron.fr\/index.php?rest_route=%2Fwp%2Fv2%2Fproduct_cat&post=570"},{"taxonomy":"product_tag","embeddable":true,"href":"https:\/\/lesjardinsducoiron.fr\/index.php?rest_route=%2Fwp%2Fv2%2Fproduct_tag&post=570"}],"curies":[{"name":"wp","href":"https:\/\/api.w.org\/{rel}","templated":true}]}}