{"id":746,"date":"2025-08-20T13:26:22","date_gmt":"2025-08-20T11:26:22","guid":{"rendered":"https:\/\/lesjardinsducoiron.fr\/?post_type=product&#038;p=746"},"modified":"2025-08-20T13:26:22","modified_gmt":"2025-08-20T11:26:22","slug":"savon-menager-cendre-de-bois","status":"publish","type":"product","link":"https:\/\/lesjardinsducoiron.fr\/?product=savon-menager-cendre-de-bois","title":{"rendered":"SAVON MENAGER CENDRE DE BOIS"},"content":{"rendered":"<p>Un savon multi-usage pour nettoyer au naturel, \u00e0 la cendre de bois.<\/p>\n<ol>\n<li>Pour la vaisselle, frotter votre \u00e9ponge humide dessus pour le faire mousser.<\/li>\n<li>Pour d\u00e9tacher le linge, frotter le savon humide sur la tache et laisser agir avant de passer le linge en machine.<\/li>\n<li>Pour le sol et autres grandes surfaces ou faire de la lessive, r\u00e2per un peu de savon et faites le fondre dans l\u2019eau chaude.<\/li>\n<\/ol>\n<ul>\n<li><strong>100 % naturel &amp; bio<\/strong><\/li>\n<li><strong>Composition courte &amp; simple<\/strong><\/li>\n<li><strong>Produit sain pour votre peau &amp; l\u2019environnement<\/strong><\/li>\n<li><strong>Emballage recyclable &amp; compostable<\/strong><\/li>\n<li><strong>Cultiv\u00e9 &amp; transform\u00e9 en Ard\u00e8che<\/strong><\/li>\n<\/ul>\n","protected":false},"excerpt":{"rendered":"<p><strong>50 g ou 100 g<\/strong><\/p>\n<p>Notre savon, saponifi\u00e9 \u00e0 froid, enrichi en cendre de bois poss\u00e8de des propri\u00e9t\u00e9s d\u00e9tachantes et d\u00e9graissantes naturelles.<\/p>\n<p>Un savon de m\u00e9nage multi-usage, pour la vaisselle, d\u00e9tacher le linge, nettoyer les surfaces ou faire de la lessive.<\/p>\n<p><strong>Parfum naturel &amp; bio :<\/strong> Lavandin<\/p>\n","protected":false},"featured_media":747,"comment_status":"open","ping_status":"closed","template":"","meta":{"_monsterinsights_skip_tracking":false,"_monsterinsights_sitenote_active":false,"_monsterinsights_sitenote_note":"","_monsterinsights_sitenote_category":0},"product_cat":[22,24],"product_tag":[],"aioseo_notices":[],"_links":{"self":[{"href":"https:\/\/lesjardinsducoiron.fr\/index.php?rest_route=\/wp\/v2\/product\/746"}],"collection":[{"href":"https:\/\/lesjardinsducoiron.fr\/index.php?rest_route=\/wp\/v2\/product"}],"about":[{"href":"https:\/\/lesjardinsducoiron.fr\/index.php?rest_route=\/wp\/v2\/types\/product"}],"replies":[{"embeddable":true,"href":"https:\/\/lesjardinsducoiron.fr\/index.php?rest_route=%2Fwp%2Fv2%2Fcomments&post=746"}],"wp:featuredmedia":[{"embeddable":true,"href":"https:\/\/lesjardinsducoiron.fr\/index.php?rest_route=\/wp\/v2\/media\/747"}],"wp:attachment":[{"href":"https:\/\/lesjardinsducoiron.fr\/index.php?rest_route=%2Fwp%2Fv2%2Fmedia&parent=746"}],"wp:term":[{"taxonomy":"product_cat","embeddable":true,"href":"https:\/\/lesjardinsducoiron.fr\/index.php?rest_route=%2Fwp%2Fv2%2Fproduct_cat&post=746"},{"taxonomy":"product_tag","embeddable":true,"href":"https:\/\/lesjardinsducoiron.fr\/index.php?rest_route=%2Fwp%2Fv2%2Fproduct_tag&post=746"}],"curies":[{"name":"wp","href":"https:\/\/api.w.org\/{rel}","templated":true}]}}