{"id":748,"date":"2025-08-20T13:43:35","date_gmt":"2025-08-20T11:43:35","guid":{"rendered":"https:\/\/lesjardinsducoiron.fr\/?post_type=product&#038;p=748"},"modified":"2025-10-09T10:57:59","modified_gmt":"2025-10-09T08:57:59","slug":"savon-solide-lavande","status":"publish","type":"product","link":"https:\/\/lesjardinsducoiron.fr\/?product=savon-solide-lavande","title":{"rendered":"SAVON SOLIDE LAVANDE"},"content":{"rendered":"<p>La lavande est reconnue pour ses vertus anti-inflammatoires et apaisantes. Elle peut soulager les irritations cutan\u00e9es, les rougeurs et les d\u00e9mangeaisons, aidant ainsi les peaux sensibles \u00e0 se r\u00e9g\u00e9n\u00e9rer.<\/p>\n<p>R\u00e9put\u00e9e pour ses propri\u00e9t\u00e9s antiseptiques et cicatrisantes, la lavande favorise la gu\u00e9rison des petites coupures, \u00e9gratignures ou imperfections de la peau.<\/p>\n<ul>\n<li><strong>100 % naturel &amp; bio<\/strong><\/li>\n<li><strong>Composition courte &amp; simple<\/strong><\/li>\n<li><strong>Produit sain pour votre peau &amp; l\u2019environnement<\/strong><\/li>\n<li><strong>Emballage recyclable &amp; compostable<\/strong><\/li>\n<li><strong>Cultiv\u00e9 &amp; transform\u00e9 en Ard\u00e8che<\/strong><\/li>\n<\/ul>\n","protected":false},"excerpt":{"rendered":"<p><strong>100 g<\/strong><\/p>\n<p>Savon naturel, surgras, saponifi\u00e9 \u00e0 froid \u00e0 base de fleurs biologique de Lavande Vraie.<\/p>\n<p>Il est id\u00e9al pour nourrir, apaiser et purifier la peau tout en procurant un effet relaxant et anti-stress gr\u00e2ce \u00e0 son parfum de lavande.<\/p>\n<p><strong>Parfum naturel &amp; bio :<\/strong> Lavande Fine<\/p>\n","protected":false},"featured_media":749,"comment_status":"open","ping_status":"closed","template":"","meta":{"_monsterinsights_skip_tracking":false,"_monsterinsights_sitenote_active":false,"_monsterinsights_sitenote_note":"","_monsterinsights_sitenote_category":0},"product_cat":[22,24],"product_tag":[],"aioseo_notices":[],"_links":{"self":[{"href":"https:\/\/lesjardinsducoiron.fr\/index.php?rest_route=\/wp\/v2\/product\/748"}],"collection":[{"href":"https:\/\/lesjardinsducoiron.fr\/index.php?rest_route=\/wp\/v2\/product"}],"about":[{"href":"https:\/\/lesjardinsducoiron.fr\/index.php?rest_route=\/wp\/v2\/types\/product"}],"replies":[{"embeddable":true,"href":"https:\/\/lesjardinsducoiron.fr\/index.php?rest_route=%2Fwp%2Fv2%2Fcomments&post=748"}],"wp:featuredmedia":[{"embeddable":true,"href":"https:\/\/lesjardinsducoiron.fr\/index.php?rest_route=\/wp\/v2\/media\/749"}],"wp:attachment":[{"href":"https:\/\/lesjardinsducoiron.fr\/index.php?rest_route=%2Fwp%2Fv2%2Fmedia&parent=748"}],"wp:term":[{"taxonomy":"product_cat","embeddable":true,"href":"https:\/\/lesjardinsducoiron.fr\/index.php?rest_route=%2Fwp%2Fv2%2Fproduct_cat&post=748"},{"taxonomy":"product_tag","embeddable":true,"href":"https:\/\/lesjardinsducoiron.fr\/index.php?rest_route=%2Fwp%2Fv2%2Fproduct_tag&post=748"}],"curies":[{"name":"wp","href":"https:\/\/api.w.org\/{rel}","templated":true}]}}